 of 5315?
1
What is the ten thousands digit of 66884?
6
What is the hundreds digit of 9901?
9
What is the tens digit of 2700?
0
What is the tens digit of 704?
0
What is the units digit of 77?
7
What is the units digit of 6267?
7
What is the units digit of 1751?
1
What is the units digit of 46068?
8
What is the tens digit of 40647?
4
What is the tens digit of 1768?
6
What is the hundreds digit of 1757?
7
What is the thousands digit of 23883?
3
What is the hundreds digit of 2287?
2
What is the tens digit of 8564?
6
What is the units digit of 271?
1
What is the units digit of 15085?
5
What is the ten thousands digit of 31071?
3
What is the thousands digit of 171987?
1
What is the hundreds digit of 4032?
0
What is the units digit of 90650?
0
What is the hundreds digit of 3823?
8
What is the tens digit of 10792?
9
What is the thousands digit of 3187?
3
What is the ten thousands digit of 136204?
3
What is the tens digit of 30086?
8
What is the hundreds digit of 10470?
4
What is the hundreds digit of 13168?
1
What is the thousands digit of 3082?
3
What is the units digit of 4161?
1
What is the hundreds digit of 53904?
9
What is the hundreds digit of 1148?
1
What is the tens digit of 4188?
8
What is the tens digit of 172810?
1
What is the hundreds digit of 26361?
3
What is the units digit of 1071?
1
What is the tens digit of 75029?
2
What is the hundreds digit of 6628?
6
What is the thousands digit of 5816?
5
What is the units digit of 22490?
0
What is the units digit of 1202?
2
What is the ten thousands digit of 17044?
1
What is the hundreds digit of 9991?
9
What is the tens digit of 741?
4
What is the units digit of 5506?
6
What is the ten thousands digit of 95897?
9
What is the hundred thousands digit of 102762?
1
What is the units digit of 7919?
9
What is the tens digit of 103?
0
What is the tens digit of 119527?
2
What is the units digit of 41908?
8
What is the hundreds digit of 42792?
7
What is the hundreds digit of 61932?
9
What is the tens digit of 912?
1
What is the hundreds digit of 1486?
4
What is the units digit of 23593?
3
What is the hundreds digit of 5427?
4
What is the thousands digit of 5130?
5
What is the tens digit of 710?
1
What is the hundreds digit of 1869?
8
What is the hundreds digit of 2563?
5
What is the tens digit of 22517?
1
What is the tens digit of 874?
7
What is the hundreds digit of 250?
2
What is the hundreds digit of 58721?
7
What is the tens digit of 5610?
1
What is the tens digit of 981?
8
What is the thousands digit of 4171?
4
What is the thousands digit of 19297?
9
What is the units digit of 14150?
0
What is the thousands digit of 9653?
9
What is the tens digit of 470?
7
What is the hundreds digit of 116?
1
What is the units digit of 670?
0
What is the units digit of 55933?
3
What is the tens digit of 2196?
9
What is the units digit of 3392?
2
What is the tens digit of 3201?
0
What is the units digit of 54978?
8
What is the hundreds digit of 9833?
8
What is the thousands digit of 26641?
6
What is the tens digit of 10?
1
What is the tens digit of 493?
9
What is the tens digit of 135?
3
What is the thousands digit of 1692?
1
What is the tens digit of 2707?
0
What is the hundreds digit of 14710?
7
What is the tens digit of 743?
4
What is the thousands digit of 13813?
3
What is the tens digit of 3730?
3
What is the hundreds digit of 3818?
8
What is the tens digit of 359?
5
What is the ten thousands digit of 86962?
8
What is the units digit of 2366?
6
What is the units digit of 831?
1
What is the thousands digit of 25815?
5
What is the tens digit of 192?
9
What is the thousands digit of 5117?
5
What is the thousands digit of 19199?
9
What is the tens digit of 25829?
2
What is the thousands digit of 100229?
0
What is the tens digit of 762?
6
What is the tens digit of 5324?
2
What is the units digit of 1256?
6
What is the hundreds digit of 880?
8
What is the ten thousands digit of 13923?
1
What is the thousands digit of 3441?
3
What is the units digit of 340?
0
What is the thousands digit of 4070?
4
What is the thousands digit of 17258?
7
What is the thousands digit of 1531?
1
What is the thousands digit of 15610?
5
What is the thousands digit of 13269?
3
What is the hundreds digit of 920?
9
What is the thousands digit of 13259?
3
What is the tens digit of 431?
3
What is the hundreds digit of 1556?
5
What is the tens digit of 1578?
7
What is the thousands digit of 11010?
1
What is the hundreds digit of 8886?
8
What is the thousands digit of 9388?
9
What is the tens digit of 3001?
0
What is the tens digit of 8230?
3
What is the units digit of 1762?
2
What is the units digit of 216?
6
What is the hundreds digit of 3662?
6
What is the units digit of 2919?
9
What is the units digit of 291?
1
What is the hundreds digit of 43482?
4
What is the tens digit of 1021?
2
What is the units digit of 377?
7
What is the tens digit of 7027?
2
What is the thousands digit of 3011?
3
What is the units digit of 8085?
5
What is the units digit of 29787?
7
What is the units digit of 2495?
5
What is the units digit of 397?
7
What is the ten thousands digit of 74797?
7
What is the thousands digit of 8884?
8
What is the units digit of 15?
5
What is the tens digit of 38618?
1
What is the units digit of 2458?
8
What is the hundreds digit of 2847?
8
What is the tens digit of 206?
0
What is the thousands digit of 3075?
3
What is the hundreds digit of 1100?
1
What is the tens digit of 10404?
0
What is the hundreds digit of 1133?
1
What is the hundreds digit of 9283?
2
What is the hundreds digit of 1712?
7
What is the units digit of 42959?
9
What is the tens digit of 7716?
1
What is the tens digit of 2511?
1
What is the tens digit of 79186?
8
What is the hundreds digit of 60339?
3
What is the hundreds digit of 25308?
3
What is the tens digit of 161?
6
What is the ten thousands digit of 11822?
1
What is the units digit of 7094?
4
What is the tens digit of 61925?
2
What is the hundreds digit of 5218?
2
What is the tens digit of 39566?
6
What is the thousands digit of 7670?
7
What is the ten thousands digit of 117484?
1
What is the units digit of 5405?
5
What is the tens digit of 59076?
7
What is the hundreds digit of 1128?
1
What is the hundreds digit of 476?
4
What is the tens digit of 44?
4
What is the tens digit of 112542?
4
What is the units digit of 798?
8
What is the hundreds digit of 61188?
1
What is the units digit of 15669?
9
What is the thousands digit of 120489?
0
What is the thousands digit of 5902?
5
What is the hundreds digit of 121?
1
What is the tens digit of 12449?
4
What is the units digit of 35?
5
What is the units digit of 95354?
4
What is the units digit of 14707?
7
What is the units digit of 10781?
1
What is the units digit of 48455?
5
What is the hundreds digit of 908?
9
What is the tens digit of 13569?
6
What is the thousands digit of 21679?
1
What is the ten thousands digit of 91920?
9
What is the units digit of 5165?
5
What is the thousands digit of 199057?
9
What is the ten thousands digit of 95729?
9
What is the units digit of 12134?
4
What is the units digit of 970?
0
What is the thousands digit of 5897?
5
What is the thousands digit of 21792?
1
What is the units digit of 1066?
6
What is the units digit of 232?
2
What is the ten thousands digit of 29396?
2
What is the thousands digit of 2382?
2
What is the hundreds digit of 84283?
2
What is the hundreds digit of 78034?
0
What is the units digit of 138545?
5
What is the tens digit of 629?
2
What is the tens digit of 5874?
7
What is the hundreds digit of 57525?
5
What is the tens digit of 13064?
6
What is the thousands digit of 5626?
5
What is the units digit of 25845?
5
What is the thousands digit of 19795?
9
What is the hundreds digit of 3854?
8
What is the hundreds digit of 8627?
6
What is the hundreds digit of 366?
3
What is the thousands digit of 3232?
3
What is the tens digit of 98419?
1
What is the units digit of 3511?
1
What is the hundreds digit of 15507?
5
What is the thousands digit of 25593?
5
What is the tens digit of 8623?
2
What is the tens digit of 2911?
1
What is the thousands digit of 18842?
8
What is the hundreds digit of 3389?
3
What is the tens digit of 1309?
0
What is the ten thousands digit of 51172?
5
What is the hundreds digit of 2116?
1
What is th